(-81)*m?
6
Let h = -160 - -1556. What is the thousands digit of h?
1
Let d be 168/(-18) - 3/(-9). Let l be d*8/48 - 59/(-2). Suppose -10*x + l + 122 = 0. What is the units digit of x?
5
Suppose 2*y = 2*h - 9876, 11*y = -h + y + 4949. What is the thousands digit of h?
4
Let l be (-828)/(-7) + 20/(-70). Let b = -88 + l. Suppose 3*c - 4*p = b, 3*c - 5*p - 14 - 13 = 0. What is the units digit of c?
4
Let i(j) = -7 + 23*j - 2 + 19*j + 19*j - 33*j. Suppose m - 2 - 2 = 0. What is the hundreds digit of i(m)?
1
Let b(s) = 63*s**2 + 15*s - 56. What is the thousands digit of b(8)?
4
Let l(v) = 396*v + 519. What is the tens digit of l(39)?
6
Suppose -10*i - 95 = -5*i. Let l be 32/14 - (i/7 + 3). Suppose -l*o + 274 = o + 4*c, 4*c = 5*o - 414. What is the tens digit of o?
8
Suppose -2*x + 5*n + 8918 = -x, 2*n = -x + 8897. What is the units digit of x?
3
Suppose -5*q + 7*b + 463 = 3*b, 186 = 2*q - 2*b. Let k = 71 - q. What is the tens digit of 264/k*(-60)/9?
8
Suppose 495326 = 49*c - 179012. What is the ten thousands digit of c?
1
Suppose -4*r = -4, 5*r = 5*s - 0*s + 2980. Let y = 774 + s. What is the units digit of y?
9
Let t = -48668 - -115687. What is the ten thousands digit of t?
6
Let f(i) = 113*i**2 + 171*i - 15. What is the units digit of f(-10)?
5
Let m be 4/(-14) + ((-956)/(-14) - -2). Suppose -m + 94 = -3*t. Let f(h) = 3*h**2 + 4*h + 8. What is the tens digit of f(t)?
6
Suppose 127*t + 17328 = 135*t. Let s = t + -1210. What is the units digit of s?
6
Let d = -275 + -37. What is the units digit of 3/(d/(-1510) + 37/(-185))?
3
Let x(t) = -2*t**3 + t + 1. Let q be x(-2). Suppose -56*k + 1394 = -566. Let w = k - q. What is the units digit of w?
0
Let j(c) = 11*c + 10. Let b(w) = 2*w**2 - 8*w + 7. Let q be b(4). Suppose 7*k + q = 8*k. What is the units digit of j(k)?
7
Let f(z) = z**3 + 9*z**2 + 10*z + 10. Let q be f(-8). Suppose 3*j + 5*u - 2809 = 0, 6*u + 1846 = 2*j + 4*u. What is the tens digit of (-2)/6*2 - j/q?
5
Let u = -86 + 123. Let i(z) = -z**3 - 15*z**2 - 15*z - 403. Let p be i(-16). Let h = p - u. What is the units digit of h?
6
Let p(a) = 634*a**2 - 9*a - 84. What is the thousands digit of p(-5)?
5
Let o be (1389 - (-6)/2) + -2. Suppose 0 = -4*t + 2*l + o, 3*t + 8*l - 5*l = 1047. What is the units digit of t?
8
Let p = 284 + -247. Suppose p*z + 7136 = 45*z. What is the tens digit of z?
9
Suppose 0 = -6*n - 4*n + 30. Let s(c) = c + 4*c**2 - 4*c + n + c**2 + 3*c**2. What is the units digit of s(2)?
9
Let s(o) = o**3 + 3*o**2 - 4*o + 2. Let c be s(-4). Suppose 0 = -3*i - c*x + 3244, 0*x - 3239 = -3*i - x. What is the hundreds digit of i?
0
Suppose 4*c + w - 110 = c, -2*c + 70 = 4*w. Suppose -149 - c = -2*z. Let h = z - 45. What is the tens digit of h?
4
Let m = 428 - 812. What is the tens digit of (40/(-32))/(2/m)?
4
Suppose 29 = -6*v + 5. Let d(q) = q**3 + 4*q**2 + 2*q - 1. Let h be d(-3). What is the units digit of (-76)/(h + v) + -1?
7
Let y(x) = 63*x - 187. Suppose 23 = 4*m - g, 5*m - 4*g + 3*g = 30. What is the hundreds digit of y(m)?
2
Let d(a) = 19*a**2 - 3*a - 2. Let f be d(-4). Let w = 447 - f. Suppose -2*r + 266 = 3*q, r - w = -q - q. What is the tens digit of r?
3
What is the units digit of (26196/(-531))/((-4)/2523)?
7
Suppose 14*y - 18*y - 3220 = 0. Let z = 83 + y. What is the units digit of 4/(-30) - z/15?
8
Let m(c) = 1525*c**2 - 11*c + 7. What is the hundreds digit of m(2)?
0
Let r = -153 + 156. Suppose 14 = r*q + 5. Suppose 4*c = 5*d - 729, 0 = 3*d - q*c + 207 - 645. What is the hundreds digit of d?
1
Let f be (0 + 2)/(4/12). Suppose 5*k = f*k - 1410. What is the tens digit of k?
1
Let b = -145 - -155. Let g(q) = q**3 - 7*q**2 - 10*q + 17. What is the tens digit of g(b)?
1
Let s(p) = p**2 + 17*p + 40. Suppose 129*w - 124*w + 105 = 0. What is the tens digit of s(w)?
2
Suppose -55*y - 3080 = 1045. What is the hundreds digit of (y/(-45))/((-5)/(-2721))?
9
Let b = 35 + -8. Let g be (-3 - 28/(-10)) + 19/95. Suppose b = 3*y - g. What is the units digit of y?
9
Let m = -7605 + 24972. What is the thousands digit of m?
7
Let f be 9 + 1 + 18/2 + -7. Suppose 19*n = f*n + 4739. What is the tens digit of n?
7
Let i(t) = -6*t + 14. Let u(h) = -h**3 - 15*h**2 - 13*h - 1. Suppose 5*c + 39 + 31 = 0. Let g be u(c). What is the hundreds digit of i(g)?
1
Let l = -389 - -391. What is the units digit of -212*(-1)/2 - l?
4
Suppose 7*f = -2*c + 5*f + 2, -2*f = 5*c + 7. What is the hundreds digit of 13581/45 + c/(-15)?
3
Let i = 23 - -18. Let m = -57 + i. Let u(r) = r**2 + 13*r - 2. What is the tens digit of u(m)?
4
Suppose 5*m - 10 = 3*o - 76, -o = 2*m - 33. Let a be (-4)/6 - (-78)/o*66. Let f = a + -121. What is the units digit of f?
9
Let j(b) = -b**3 + 90*b**2 - 1731*b + 13. What is the units digit of j(29)?
5
Suppose -4*q = 5*m - 20933, 3*q - 4*m - 12230 = 3462. What is the hundreds digit of q?
2
Let l be 2/2*0*(-1)/(-5). Suppose l = -0*i - 4*i - 160. What is the tens digit of (-2)/5 + (-4296)/i?
0
Let h = -824 - -436. Let z = h + 630. What is the tens digit of z?
4
Suppose -43*w = -47*w + 16. Suppose -4*x + 8 = -w*p, x = 6*x + 2*p - 10. Suppose -x*j + k - 4*k = -80, 0 = -5*j - k + 200. What is the tens digit of j?
4
Let x = -81610 - -150623. What is the ten thousands digit of x?
6
Let d = 39 - -369. Suppose -16*y + 7144 = d. What is the tens digit of y?
2
Let w(i) be the third derivative of i**5/60 + 11*i**4/24 - 23*i**3/6 + 11*i**2. Let z be w(-13). What is the tens digit of ((-3)/6)/(2/(-359 + z))?
8
Let i(t) = -t**2 - 31*t - 138. Let n be i(-5). Let w(s) = 16*s + 27. Let p(g) = -63*g - 108. Let c(u) = 4*p(u) + 15*w(u). What is the units digit of c(n)?
9
Suppose 0 = 4*f - 8*f - m + 88004, -4*m = 5*f - 110005. What is the tens digit of f?
0
Let q(x) = -x**3 + 52*x**2 - 31*x + 368. What is the ten thousands digit of q(42)?
1
Suppose 130832 = 269*v - 217*v. What is the hundreds digit of v?
5
Let i(m) = -m**2 - 25*m - 39. Let o(f) = f**3 + 5*f**2 - 17. Let j be o(-5). Let w = j - 0. What is the tens digit of i(w)?
9
Let m be 11 + -13 + 8 - (-11793)/1. Suppose 44*j - 35*j = m. What is the units digit of j?
1
What is the ten thousands digit of -596*744/30*(-4 - 1)?
7
Suppose z - 60854 = -5*u, 0 = 5*u - 4*z + 31554 - 92438. What is the hundreds digit of u?
1
Let m(u) = -52*u + 1251. Let t be m(24). Suppose -4 = -p + 2*q, -2 = -3*p - 0*p + q. What is the units digit of 137 - (3 - (p + -3 + t))?
4
Let l be 9*(2 + 10/(-6)). Let d be (9/2)/((-55)/(-18) - l). Let y = d - 24. What is the units digit of y?
7
Let z be ((-4)/(-6))/(-3 + 11157/3717). Let t = 1036 - z. What is the hundreds digit of t?
6
Let y be (0*3/(-9))/1. Suppose 2*q + 6 = 3*m, -4*q - 8 = -5*m - 0. Suppose -q*a + 24 = -4*n - 0*n, -3*a - 2*n + 42 = y. What is the units digit of a?
2
Let w be (-16781)/(-6) - ((-253)/(-66))/(-23). Suppose w + 3153 = 14*y. What is the units digit of y?
5
Suppose 5*r - 47 = -17. Suppose -20 = 4*a, r*d + 341 = 3*d + 2*a. Let b = d - -251. What is the tens digit of b?
3
Suppose -5*r + 9 = -1. What is the units digit of (-684 - r/1)*(-4)/8?
3
Let u(v) = -22*v**2 - 3*v + v**3 - 6*v - 87 + 28 - 32*v. What is the hundreds digit of u(24)?
1
Let f(g) be the third derivative of g**5/15 - 11*g**4/24 + 22*g**3/3 - 40*g**2. What is the units digit of f(8)?
2
Let g = 518 + -303. Let r = g - -89. What is the units digit of r?
4
Let y be (-1 - -2) + -5*2/(-5). Let o = -12 + y. Let j(l) = l**3 + 11*l**2 - 8*l - 5. What is the tens digit of j(o)?
2
Suppose 0 = -27*v + 146776 - 48091. What is the hundreds digit of v?
6
Let p(y) = 113*y + 21. Let o be p(3). What is the tens digit of o + -3 + (-5 - 13)/6?
5
Suppose 0 = -2*t - a + 153175, 7*t + 2*a - 153184 = 5*t. What is the units digit of t?
3
Let p(v) = 101*v**2 - 9*v + 7. Let t be p(3). Let a = t + -210. Suppose 4*f = -5*l + 176 + a, 678 = 4*l + 2*f. What is the hundreds digit of l?
1
Suppose -5*o + 10 = -0*o. Suppose -g + o*g + 2 = -z, -15 = 5*z. What is the tens digit of 62/3 + (g/3 - 1)?
2
Let i = -19684 - -33492. What is the hundreds digit of i?
8
Let z = -40 + 13. Let n = 59 + z. Suppose -g + n = -h, 3*g + g + 2*h - 110 = 0. What is the tens digit of g?
2
Let i be 270/108*9732/10. Suppose 3*v = -4*h - h + i, 2*v - 5*h = 1622. What is the tens digit of v?
1
Suppose 4*f + 74 = -y, 2*y + 0*y + 128 = -4*f. Let u(m) = -3*m**